ite?
False
Is 74390551 a prime number?
False
Is 24191663 composite?
True
Is 7711001 a prime number?
True
Is 8109301 a composite number?
False
Is 7932467 prime?
False
Is 319849 prime?
True
Is 21220103 a prime number?
True
Is 56299 prime?
True
Is 185840261 prime?
False
Is 206133119 a prime number?
False
Is 1728127 prime?
False
Is 10270277 a composite number?
False
Is 3379667 a prime number?
True
Is 2630617 composite?
True
Is 74638955 prime?
False
Is 783641 a composite number?
False
Is 1469770007 prime?
True
Is 4037149 a prime number?
True
Is 688441 a composite number?
True
Is 113736085 a composite number?
True
Is 98407 prime?
True
Is 8884691 prime?
False
Is 40618139 a composite number?
False
Is 320831 prime?
False
Is 2154281719 prime?
True
Is 278703529 a composite number?
True
Is 1803881 composite?
False
Is 301528043 a prime number?
False
Is 34849495 prime?
False
Is 466409 prime?
True
Is 152416945 prime?
False
Is 1984841 prime?
True
Is 1041659 prime?
False
Is 50964269 a composite number?
False
Is 1466995 a composite number?
True
Is 46358861 composite?
False
Is 21652933 prime?
False
Is 115356281 prime?
True
Is 18381521 composite?
False
Is 317258293 a prime number?
False
Is 22182817 composite?
True
Is 7154023 a prime number?
True
Is 63564401 a prime number?
True
Is 487552049 a prime number?
True
Is 1109743471 composite?
False
Is 3435457 prime?
True
Is 284417845 prime?
False
Is 77675547 a prime number?
False
Is 2546087 a prime number?
False
Is 230644091 a prime number?
True
Is 54768509 a prime number?
False
Is 2025949 a composite number?
False
Is 2163997 prime?
False
Is 242708365 composite?
True
Is 19484791 composite?
False
Is 10313861 composite?
True
Is 157411 a composite number?
False
Is 16769581 composite?
False
Is 1374073 prime?
True
Is 725273 composite?
False
Is 14587193 composite?
True
Is 181015277 composite?
False
Is 8960191 prime?
False
Is 721261 a composite number?
False
Is 1604879 a prime number?
False
Is 8849177 composite?
False
Is 42111053 a composite number?
False
Is 2370149 composite?
False
Is 8327779 composite?
False
Is 22904689 a prime number?
False
Is 3496213 a prime number?
False
Is 174718853 a composite number?
True
Is 12907997 composite?
True
Is 10454281 composite?
False
Is 13015583 a composite number?
True
Is 10081217 a prime number?
True
Is 19799459 a prime number?
True
Is 41351381 composite?
False
Is 2103847 a prime number?
False
Is 5852069 composite?
False
Is 706457 composite?
True
Is 442406071 prime?
True
Is 39430213 a prime number?
True
Is 8205277 a composite number?
True
Is 56833789 a prime number?
True
Is 114069391 prime?
False
Is 2126491 composite?
False
Is 105396259 a prime number?
False
Is 376742885 prime?
False
Is 11472967 a prime number?
False
Is 5336047 a composite number?
False
Is 1266803 composite?
True
Is 4887829 composite?
False
Is 6502117 composite?
False
Is 999139 a composite number?
True
Is 1664959 composite?
False
Is 5575309 prime?
True
Is 97774319 composite?
True
Is 7242931 a composite number?
True
Is 135523 a prime number?
False
Is 1269041 a prime number?
True
Is 331664819 prime?
False
Is 53621923 a prime number?
True
Is 3243727 a composite number?
False
Is 484301029 prime?
False
Is 92193523 a prime number?
False
Is 58030499 a prime number?
True
Is 435529 composite?
False
Is 112951211 prime?
True
Is 1346551 prime?
False
Is 2167567 a composite number?
True
Is 31333795 prime?
False
Is 16295257 composite?
True
Is 10726979 a prime number?
True
Is 4286981 composite?
False
Is 152903537 a prime number?
False
Is 15931823 a composite number?
True
Is 29006561 a prime number?
True
Is 290265923 a composite number?
True
Is 101904527 composite?
True
Is 28981081 composite?
True
Is 1029403 a prime number?
True
Is 8372137 prime?
True
Is 2183593 prime?
True
Is 18040138 prime?
False
Is 28065733 prime?
True
Is 8091047 a composite number?
False
Is 1101671 a composite number?
False
Is 351680051 prime?
False
Is 3617951 prime?
True
Is 33869047 a composite number?
False
Is 18221123 a prime number?
True
Is 1057129 prime?
True
Is 14938223 a prime number?
False
Is 49839683 prime?
True
Is 35980361 a prime number?
False
Is 80373463 a composite number?
True
Is 5591297 composite?
False
Is 5434679 a prime number?
False
Is 1749829 composite?
True
Is 8322914 prime?
False
Is 92292649 prime?
False
Is 517158086 prime?
False
Is 8615891 a prime number?
True
Is 2828935 prime?
False
Is 15437 composite?
True
Is 4123147 prime?
False
Is 931363 a composite number?
False
Is 8408197 a prime number?
False
Is 430543 a composite number?
False
Is 145474377 a prime number?
False
Is 116549681 composite?
True
Is 9122189 a composite number?
True
Is 25726097 a composite number?
False
Is 1450697 prime?
True
Is 57920489 a composite number?
True
Is 5728859 a prime number?
True
Is 807087803 prime?
True
Is 8578567 a prime number?
True
Is 17149805 composite?
True
Is 5161411 a prime number?
True
Is 86273171 a prime number?
True
Is 26230483 composite?
False
Is 86732491 a prime number?
False
Is 12138449 a composite number?
False
Is 45438097 composite?
False
Is 10053859 composite?
False
Is 333399917 prime?
True
Is 47805259 prime?
False
Is 2095253 prime?
True
Is 85987837 prime?
False
Is 2029085 prime?
False
Is 4390481 prime?
True
Is 6571118 a composite number?
True
Is 148927214 a composite number?
True
Is 131335397 prime?
True
Is 259251747 a composite number?
True
Is 1144887533 composite?
False
Is 5155433 prime?
True
Is 40218047 a prime number?
False
Is 448826017 composite?
False
Is 88664699 prime?
True
Is 848489531 a prime number?
False
Is 46113599 prime?
False
Is 8182847 a prime number?
True
Is 112019711 prime?
True
Is 7177529 prime?
False
Is 3667439 a composite number?
True
Is 13188341 composite?
True
Is 33609269 prime?
False
Is 3135337 composite?
True
Is 16804309 prime?
True
Is 58988185 composite?
True
Is 8157443 composite?
True
Is 5211449 composite?
False
Is 7794407 prime?
True
Is 13141309 composite?
False
Is 1544458 composite?
True
Is 31387231 composite?
False
Is 4840207 a composite number?
True
Is 131773199 prime?
False
Is 89168141 composite?
True
Is 31183111 a composite number?
True
Is 8391641 composite?
False
Is 7762709 a prime number?
True
Is 8686087 a prime number?
True
Is 338408621 composite?
False
Is 311451355 a prime number?
False
Is 21938309 composite?
True
Is 7837385 prime?
False
Is 85789559 prime?
True
Is 25584521 a prime number?
True
Is 6421967 a composite number?
False
Is 3226114 composite?
True
Is 677639 prime?
True
Is 170746094 prime?
False
Is 194581 composite?
False
Is 240357763 a composite number?
False
Is 6651629 a composite number?
True
Is 2246357 a composite number?
False
Is 39886489 prime?
True
Is 12174401 prime?
True
Is 5949479 prime?
False
Is 1200341 prime?
True
Is 63698851 composite?
True
Is 613489 a composite number?
True
Is 5284253 a composite number?
True
Is 36300679 a prime number?
True
Is 148964593 prime?
False
Is 37502389 prime?
True
Is 32262227 a prime number?
False
Is 81632755 composite?
True
Is 310336021 prime?
True
Is 164483387 composite?
True
Is 85284961 a composite number?
True
Is 3517193 composite?
False
Is 7184291 a composite number?
False
Is 7244626 prime?
False
Is 563406599 a prime number?
False
Is 543469271 a composite number?
False
Is 16385477 a composite number?
False
Is 2538577 a prime number?
True
Is 4760309 composite?
True
Is 6599777 a prime number?
False
Is 210011479 a composite number?
False
Is 19860691 a prime number?
True
Is 2350181 composite?
False
Is 405859645 a prime number?
False
Is 262394527 composite?
False
Is 256687 a prime number?
True
Is 5718959 composite?
False
Is 440604301 a composite number?
False
Is 5822317 prime?
True
Is 2843873 a prime number?
True
Is 27042922 a composite number?
True
Is 10004557 composite?
False
Is 7489633 prime?
True
Is 113293 a composite number?
True
Is 16720229 composite?
True
Is 1726709 a prime number?
False
Is 25250993 a composite number?
True
Is 4787371 prime?
True
Is 2277703 a composite number?
False
Is 1821467 composite?
True
Is 421602211 composite?
True
Is 422447 composite?
True
Is 72079391 composite?
False
Is 1674293 a composite number?
True
Is 500957 composite?
False
Is 228261671 a composite number?
True
Is 3935609 a composite number?
False
Is 438603071 composite?
Fals